 hundreds digit of j(v)?
1
Suppose -3*d - 12 = -0*d, 0 = f - 5*d - 20. Suppose -3*g - 4*o + f*o = -20, 4*g + 4*o = 20. Suppose g = -3*j + 98 + 64. What is the units digit of j?
4
Let p = -120 + 320. Suppose -j + p = 9. What is the units digit of j?
1
Suppose 2*o = -5 + 3. Let l be (1 + o)*(-4)/8. What is the units digit of (l - -1) + (-56)/(-4)?
5
Let x be (-8)/16 - (-45)/2. Suppose 0 = z - 4*q + 1 + 3, x = 3*z + 5*q. Suppose 8*l - 4*l = z. What is the units digit of l?
1
Let y be 1/((-1)/(-3)) + 5. Let h = y + -2. Suppose 3*w + 0*g - 3*g - 12 = 0, -3*w + h = -5*g. What is the units digit of w?
7
Let x(k) = 13*k**2 - 28*k - 33. Let r(q) = 3*q**2 - 7*q - 8. Let f(d) = 9*r(d) - 2*x(d). What is the units digit of f(-6)?
2
Let o(u) = 18*u**3 + 4*u**2 - 3*u - 3. What is the hundreds digit of o(3)?
5
Let l = -362 - -154. What is the units digit of (-2)/4*l/2?
2
Let a(v) = -v**3 - 12*v**2 + 4. Let g be a(-8). What is the tens digit of 6/18*g/(-3)?
2
Suppose 4*r = 95 + 5. Suppose 3*h - 175 = -r. What is the tens digit of h?
5
Let u = 1294 - 2010. What is the tens digit of (u/(-18) - -1) + 2/9?
4
Let q = -168 + 118. Let t = q + 224. What is the units digit of t?
4
Let h = -29 - -34. Suppose 0 = -h*w - 0*w + 395. What is the units digit of w?
9
Let z be 0 - -4 - 4 - -4. Suppose -5*d = 3*g - 316, -3*g = z + 5. What is the tens digit of d?
6
Let b = -23 - -27. Suppose b*q - 5 = 11. Let f(j) = -j**3 + 6*j**2 - 5*j - 1. What is the units digit of f(q)?
1
Let b = 995 + -220. What is the hundreds digit of b?
7
Let m be -1 + -3 + (1 - -2). Let c = m + 44. What is the tens digit of c?
4
Suppose -3*x + 72 = -5*q - 86, 15 = 3*q. Suppose 35 = 3*s - 3*p - x, 0 = 5*s - 2*p - 172. What is the units digit of s?
6
Let r(k) = 30*k**2 + 31 - 9 - 29*k**2 - 6*k. What is the units digit of r(16)?
2
Suppose 341 - 1125 = 8*o. Let m = o + 193. What is the units digit of m?
5
Let c(u) = -14*u - 1. Let y be c(-2). Suppose m - y = 62. Suppose 147 = 4*j - m. What is the units digit of j?
9
What is the hundreds digit of 2036 - 3/((-15)/35)?
0
What is the units digit of (2 - 0)*(955 + 22)?
4
Suppose -t = -10*t + 27207. What is the hundreds digit of t?
0
Let f be -18 + 1*6/2. Let i = f + 15. Suppose i = 3*n - n - 4. What is the units digit of n?
2
Suppose d = -3*a + 4*a + 40, 0 = -4*d - 5*a + 196. Let s be d/10 + (-6)/15. Suppose -4*f - s*g + 51 = 3, 0 = 2*f - 2*g - 36. What is the units digit of f?
5
Let l = 590 - 353. Suppose 1 = 2*t - l. What is the units digit of t?
9
Suppose -3*s + 238 = -5*i, -s + 404 = 4*s - i. Let w = s + -27. What is the units digit of w?
4
Let c(p) = -67*p - 43. What is the units digit of c(-4)?
5
Let z(u) be the third derivative of u**4/8 + 5*u**3/6 - 18*u**2. Suppose -5*g + 5 - 37 = -n, -4*n = -g - 33. What is the tens digit of z(n)?
2
Let b(z) be the second derivative of 0 - 1/2*z**2 + 1/3*z**3 + 43/12*z**4 - 13*z. What is the units digit of b(1)?
4
Suppose 3*d - 5*x - 20 = -2*d, 5*x + 5 = 0. Suppose h - 3*b + 119 = 6*h, -d*h = 3*b - 69. What is the tens digit of h?
2
Let q(j) = 29*j**2 - 6*j - 6. What is the hundreds digit of q(-6)?
0
Let k(l) = 3*l**3 + 4*l**2 - 4*l + 9. What is the tens digit of k(3)?
1
Suppose 8 = -6*d + 2*d. Let l be 6/(-2) - 58/d. Suppose -26 = -4*g + l. What is the tens digit of g?
1
Let n = 615 + 813. What is the hundreds digit of n?
4
Let d(o) = 215*o**2 + 8*o + 3. Let x(c) = c - 1. Let p(l) = d(l) - 3*x(l). What is the tens digit of p(-1)?
1
Let r = -178 + 713. What is the hundreds digit of r?
5
Suppose 0 = 2*f - 4*p - 3114, 2*f + 8*p - 6*p - 3138 = 0. What is the units digit of f?
5
Let l(n) = -2*n**2 + 28*n - 11. Let m(r) = r**2 - 11*r + 9. Let h be m(11). What is the tens digit of l(h)?
7
Let f be ((-439)/(-2))/(-1*(-3)/(-12)). What is the tens digit of 18/45 - f/5?
7
Let l(f) = f**2 - 2*f - 12. Let h be l(4). What is the tens digit of (-490)/(-4) + h/8?
2
Let r = -12 - -16. Suppose -s = -4*o - 165, -r*s + 4*o = 2*o - 590. What is the units digit of s?
5
Let l(g) = g - 14. Let a be l(14). Suppose 6*h + 78 - 660 = a. What is the tens digit of h?
9
Suppose 2*s - 12*u + 16*u - 900 = 0, -4*s + 3*u = -1778. What is the hundreds digit of s?
4
Let g(n) = -n**3 - 20*n**2 - 22*n + 10. Let d(c) = c**3 + 19*c**2 + 21*c - 9. Let z(k) = -5*d(k) - 4*g(k). What is the units digit of z(-14)?
7
Suppose 5*g + 16*u - 2325 = 13*u, -3*u = 0. What is the tens digit of g?
6
Let j(a) = 2*a**2 - 23*a - 26. What is the hundreds digit of j(-8)?
2
Let a(n) = -7*n**2 - 3*n + 20. Let c(v) = 8*v**2 + 3*v - 21. Let x(t) = -7*a(t) - 6*c(t). What is the tens digit of x(11)?
4
Let a be (-2)/13 + 1080/(-78). Let z be 1/4*2*48. Let j = z + a. What is the tens digit of j?
1
What is the units digit of 35091/19 + 26/247?
7
Suppose 2*u = x + 512, -3*u - x = -5*x - 758. Let l = 436 - u. What is the hundreds digit of l?
1
Let k(r) be the first derivative of r**3/3 - r**2/2 - r + 2. Let w(m) = 5*m**2 - 12*m - 12. Let b(z) = 6*k(z) - w(z). What is the units digit of b(-6)?
6
Suppose 0 = 4*c - 6*c. Suppose -476 = -4*u - u - 3*a, c = 2*u - 5*a - 209. Let b = u - 65. What is the tens digit of b?
3
Let p(n) = 2*n - 2*n**3 + 6 + 8*n**2 - 3*n**2 + n**3. Suppose 60 = -4*j + 80. What is the tens digit of p(j)?
1
Suppose 0*b + 4*b = k - 782, 3188 = 4*k + 4*b. What is the tens digit of k?
9
Suppose -g + q + 18 = 0, 5*q - 39 = -5*g + 21. Let f = g - 3. Let s = f + 4. What is the tens digit of s?
1
Let s = 24 + -14. Let p = 17 - 17. What is the tens digit of (p - -16) + 10/s?
1
Let o be -1 - (-126)/(-33) - 2/11. Let d(h) = 3*h**2 + 2*h + 16. What is the tens digit of d(o)?
8
Let d be 0/11 + (-62 - 1). Let a = 106 + d. Let q = -30 + a. What is the units digit of q?
3
Let j = 43 + -38. Suppose 2*c + 3*o = 107 + 23, 65 = c - j*o. What is the units digit of c?
5
Suppose 4 = 9*z - 8*z. Suppose -z*g - 32 - 8 = 0. What is the tens digit of (-2 + (0 - 0))*g?
2
Suppose 2*d = -3*b + 755, 0*b - 1131 = -3*d - 3*b. What is the tens digit of d?
7
Suppose 2*f - 12 = -f. Suppose -f*x - w = -35, -5*w - 23 = -3*x + x. Suppose 3*t - x = 51. What is the units digit of t?
0
Let j(t) = 4*t - 2. Let o(q) = -q + 1. Let f(x) = -j(x) - 5*o(x). Suppose -5*u + 10*u - z - 58 = 0, 32 = 2*u + 4*z. What is the units digit of f(u)?
9
Let f(o) = o**2 - 2*o + 1. Let l be f(4). Suppose -22 = l*s - 2821. What is the units digit of s?
1
Suppose 0 = 22*r - 99 - 7975. What is the units digit of r?
7
Let s = 6 - 4. Suppose -10 = 7*a - s*a. What is the tens digit of a - (-57)/(1 - -2)?
1
Let i be 124 + (-3 - 4/(-2)). Suppose -141 = -4*b - g + 106, -2*b - g = -i. What is the tens digit of b?
6
Let s(o) = -4*o. Let z(d) = 5*d - 1. Let w(u) = -7*s(u) - 6*z(u). Let t be w(8). Let m(a) = a**3 + 11*a**2 + 9*a - 2. What is the units digit of m(t)?
8
Let f(t) = t**3 + 10*t**2 - 3*t + 11. Let d(m) = m**3 - m**2 + m + 1. Let v(s) = 2*d(s) - f(s). What is the tens digit of v(12)?
5
Suppose -1298 - 197 = -5*d. What is the units digit of d?
9
Suppose 2*j - 870 = 25*o - 21*o, 2162 = 5*j + 3*o. What is the tens digit of j?
3
Let s(g) = 246*g**3 + g**2 - 5*g + 3. What is the tens digit of s(1)?
4
Suppose 9*b = 2*b + 7. Let f = 50 + b. What is the tens digit of f?
5
Let m(w) = 6*w**2 + 22*w - 77. What is the hundreds digit of m(19)?
5
Let t(k) = -k**2 + 5*k - 10. Let c be t(4). What is the units digit of (-15)/(-5)*(-34)/c?
7
Suppose -2*t - 50 = 3*t. Let x(b) = -3*b - 9. Let r(g) = 6*g + 19. Let v(w) = -4*r(w) - 7*x(w). What is the tens digit of v(t)?
1
Suppose -95*c = -93*c - 1116. What is the hundreds digit of c?
5
Let p(i) = 6*i**3 - i**2. Suppose k - 4 + 2 = 0. What is the tens digit of p(k)?
4
Let x be (-34)/(-12) - 2/(-12). Suppose -x*t + 18 + 12 = 0. Let g = t + -6. What is the units digit of g?
4
Suppose -2*c - 5*l = -4371, 40*c + 6553 = 43*c + 4*l. What is the hundreds digit of c?
1
Suppose 0 = -5*c + 2*i + 8448, 0 = -33*c + 35*c + i - 3372. What is the units digit of c?
8
Let n(a) = -2*a + 53. Let i be n(20). Let g be 2 + (103 - 0)*1. Suppose 0 = -p + f + 34 - i, -f = -5*p + g. What is the tens digit of p?
2
Suppose 465 = 5*k - 115. Let w = k + -31. What is the units digit of w?
5
Let l be 8/(-48) - 485/6. Let h = l - -42. Let n = h - -69. What is the units digit of n?
0
Let k(v) = v**3 - 7*v**2 + 5*v + 10. Let n be k(7). L